the tens digit of 73321077?
7
What is the ten millions digit of 34147497?
3
What is the tens digit of 844445785?
8
What is the hundred millions digit of 1608158464?
6
What is the hundred thousands digit of 2634911206?
9
What is the millions digit of 256110282?
6
What is the units digit of 2218413439?
9
What is the ten thousands digit of 86264996?
6
What is the millions digit of 49259704?
9
What is the thousands digit of 2920235?
0
What is the hundreds digit of 817725685?
6
What is the thousands digit of 2932091278?
1
What is the millions digit of 62455884?
2
What is the thousands digit of 52744655?
4
What is the hundred millions digit of 624201014?
6
What is the hundreds digit of 430375285?
2
What is the thousands digit of 1039558961?
8
What is the hundred thousands digit of 767497172?
4
What is the units digit of 379472625?
5
What is the units digit of 59359263?
3
What is the millions digit of 127416192?
7
What is the thousands digit of 28929189?
9
What is the units digit of 44049752?
2
What is the hundreds digit of 43595462?
4
What is the hundred millions digit of 1181398461?
1
What is the thousands digit of 31795705?
5
What is the tens digit of 250782769?
6
What is the thousands digit of 160684710?
4
What is the units digit of 1291597704?
4
What is the tens digit of 212056551?
5
What is the millions digit of 63516596?
3
What is the ten thousands digit of 12783857?
8
What is the hundreds digit of 34735286?
2
What is the units digit of 136363624?
4
What is the ten millions digit of 284237162?
8
What is the ten millions digit of 15416667?
1
What is the ten millions digit of 1777107318?
7
What is the units digit of 951812059?
9
What is the units digit of 408210635?
5
What is the ten thousands digit of 60098993?
9
What is the hundred thousands digit of 72280343?
2
What is the millions digit of 239977035?
9
What is the units digit of 129697397?
7
What is the hundred thousands digit of 4263713214?
7
What is the hundreds digit of 1104000416?
4
What is the ten millions digit of 978710718?
7
What is the ten thousands digit of 2143687940?
8
What is the ten millions digit of 6713401576?
1
What is the hundreds digit of 531312275?
2
What is the ten thousands digit of 811262494?
6
What is the hundreds digit of 31010421?
4
What is the tens digit of 10121991?
9
What is the ten thousands digit of 3699237877?
3
What is the ten millions digit of 1325449708?
2
What is the thousands digit of 429414458?
4
What is the ten thousands digit of 74206857?
0
What is the hundreds digit of 16872587?
5
What is the thousands digit of 86138099?
8
What is the billions digit of 2526480767?
2
What is the hundred thousands digit of 868596297?
5
What is the ten millions digit of 67457219?
6
What is the hundred millions digit of 185551345?
1
What is the billions digit of 5194390133?
5
What is the hundred thousands digit of 731723247?
7
What is the hundreds digit of 141252655?
6
What is the ten millions digit of 53642990?
5
What is the ten thousands digit of 1050377?
5
What is the hundred thousands digit of 824002094?
0
What is the hundreds digit of 5948488613?
6
What is the hundred thousands digit of 1119572991?
5
What is the thousands digit of 32895982?
5
What is the hundreds digit of 260385592?
5
What is the ten thousands digit of 766844146?
4
What is the tens digit of 684656778?
7
What is the hundreds digit of 33081484?
4
What is the thousands digit of 246559276?
9
What is the millions digit of 375897487?
5
What is the hundreds digit of 15012254?
2
What is the hundreds digit of 123436916?
9
What is the hundred thousands digit of 1066219076?
2
What is the ten millions digit of 108753162?
0
What is the millions digit of 1608910258?
8
What is the hundred millions digit of 279035210?
2
What is the tens digit of 4316118263?
6
What is the thousands digit of 350645396?
5
What is the billions digit of 2930363165?
2
What is the millions digit of 191089695?
1
What is the units digit of 616536759?
9
What is the ten millions digit of 66009374?
6
What is the millions digit of 20395889?
0
What is the units digit of 564001140?
0
What is the thousands digit of 1801143243?
3
What is the hundred millions digit of 374581398?
3
What is the hundreds digit of 546270462?
4
What is the ten millions digit of 378516668?
7
What is the tens digit of 1727937192?
9
What is the hundreds digit of 883601544?
5
What is the hundred thousands digit of 68758243?
7
What is the hundreds digit of 70860952?
9
What is the hundreds digit of 181122033?
0
What is the ten thousands digit of 34123468?
2
What is the units digit of 50783447?
7
What is the thousands digit of 945851520?
1
What is the thousands digit of 27739371?
9
What is the ten thousands digit of 194648768?
4
What is the thousands digit of 2019862011?
2
What is the ten millions digit of 5078778183?
7
What is the thousands digit of 30898719?
8
What is the units digit of 191562209?
9
What is the hundred thousands digit of 906885870?
8
What is the ten thousands digit of 34312371?
1
What is the tens digit of 533388152?
5
What is the hundreds digit of 198916335?
3
What is the hundred thousands digit of 53620248?
6
What is the ten thousands digit of 45753123?
5
What is the units digit of 1182564763?
3
What is the ten millions digit of 255597616?
5
What is the tens digit of 770113732?
3
What is the ten millions digit of 78788990?
7
What is the units digit of 2642333413?
3
What is the millions digit of 2277979?
2
What is the millions digit of 60608158?
0
What is the hundreds digit of 1706918296?
2
What is the hundred thousands digit of 39340860?
3
What is the hundred thousands digit of 381989647?
9
What is the units digit of 36592550?
0
What is the ten thousands digit of 83085586?
8
What is the hundreds digit of 45092295?
2
What is the ten millions digit of 74857049?
7
What is the millions digit of 16228886?
6
What is the ten millions digit of 76842849?
7
What is the thousands digit of 6594588?
4
What is the ten thousands digit of 14021453?
2
What is the ten thousands digit of 1581928127?
2
What is the hundreds digit of 47359456?
4
What is the hundred millions digit of 1879337984?
8
What is the ten thousands digit of 166899099?
9
What is the units digit of 142688217?
7
What is the ten millions digit of 19543202?
1
What is the millions digit of 894963986?
4
What is the millions digit of 68946055?
8
What is the tens digit of 2262327686?
8
What is the thousands digit of 3847973514?
3
What is the tens digit of 20946092?
9
What is the hundred thousands digit of 56914530?
9
What is the ten thousands digit of 856829100?
2
What is the ten millions digit of 1144710347?
4
What is the hundred millions digit of 341925619?
3
What is the ten thousands digit of 264963401?
6
What is the millions digit of 90398043?
0
What is the thousands digit of 1186736136?
6
What is the thousands digit of 2153032091?
2
What is the ten millions digit of 241886467?
4
What is the millions digit of 314768201?
4
What is the units digit of 395351508?
8
What is the thousands digit of 1550002105?
2
What is the billions digit of 7888050585?
7
What is the units digit of 549973463?
3
What is the hundred thousands digit of 32606047?
6
What is the units digit of 45123448?
8
What is the ten millions digit of 5579151612?
7
What is the ten thousands digit of 61941295?
4
What is the ten millions digit of 698730028?
9
What is the thousands digit of 1455263968?
3
What is the hundred thousands digit of 657799874?
7
What is the millions digit of 356583022?
6
What is the ten thousands digit of 14974157?
7
What is the tens digit of 1648063548?
4
What is the units digit of 353099999?
9
What is the hundreds digit of 4125392116?
1
What is the tens digit of 244356402?
0
What is the ten thousands digit of 2280557247?
5
What is the hundred thousands digit of 43157597?
1
What is the hundred millions digit of 259138844?
2
What is the ten thousands digit of 32409856?
0
What is the hundred millions digit of 334379644?
3
What is the millions digit of 7612324?
7
What is the thousands digit of 5410355761?
5
What is the ten thousands digit of 373243578?
4
What is the thousands digit of 378172197?
2
What is the hundred millions digit of 309869667?
3
What is the units digit of 19941177?
7
What is the tens digit of 412290470?
7
Wha